Let q = 42 + f. Suppose x = -5*k + 210, -k + 42 = 4*x - q*x. Calculate the highest common divisor of k and 28.
14
Suppose -14*j + 90 = -9*j. Let i = -22 - j. Let m be (-3)/(-2)*i/(-15). What is the greatest common divisor of m and 20?
4
Let l(j) = j**2 - 10*j - 32. Let k be l(-11). Let r = k - 159. Calculate the highest common divisor of 200 and r.
40
Suppose -11*a = -8*a - 120. Suppose a = 4*b - 176. Suppose -5*f + 8*f = b. Calculate the highest common factor of f and 9.
9
Let h(y) = 4*y**2 - 319*y - 1922. Let x be h(-6). Suppose v + 2*v = 3*g - 12, -3*g + 5*v + 4 = 0. Calculate the highest common divisor of g and x.
8
Suppose -14*y - 2011 + 10747 = 0. What is the highest common divisor of y and 208?
208
Let u(s) = -2*s**2 + 94*s + 309. Let h be u(50). Calculate the highest common factor of 576 and h.
9
Let a be 25716/54 + (-7 - (-254)/36)*-4. What is the greatest common divisor of 15589 and a?
119
Suppose 0 = -2*b - 2*z - 4, -3*b = -2*z - 9. Let t(c) = 10*c**2 + 96*c - 14. Let o be t(-10). What is the greatest common divisor of o and b?
1
Suppose -3*a + 129 = k, -5*a - 26*k + 232 = -30*k. Let d be 21/49 - 151*(-1)/7. What is the highest common divisor of d and a?
22
Suppose -2*z - 3*c + 135 = 0, -4*z + 97*c + 282 = 99*c. Calculate the greatest common divisor of z and 5832.
72
Suppose 2*p - p = 0. Suppose 0*v + 7*v - 1736 = p. Suppose x + 2 = 0, 0*x - v = -5*w - x. What is the highest common divisor of 10 and w?
10
Let w = 1439 + -1354. Calculate the highest common divisor of w and 918.
17
Let m = 15426 + -15324. What is the greatest common factor of m and 6681?
51
Suppose -78957 = -18*h + 3*l, -3*h + 3*l + 5800 = -7367. What is the greatest common factor of h and 1290?
258
Let g be (1 + -2)*(-67 - 542). Let f(q) = 4*q**3 - 4*q**2 + 2*q + 1. Let p be f(2). What is the highest common divisor of g and p?
21
Let r(s) = -s**3 - 22*s**2 - 87*s + 260. Let v be r(-17). Calculate the highest common divisor of v and 138.
6
Let p be -5 + (3 - 3)/(-3) - -4896. Calculate the highest common factor of p and 146.
73
Let r be (-188)/(-4700) + (-3399)/(-25). Calculate the greatest common divisor of r and 4828.
68
Suppose 2*r + 45 = -w, 4*r + 5*w - 34 + 139 = 0. Let l = -19 + 7. Let g be (l/3)/(5/r*2). Calculate the greatest common divisor of g and 88.
8
Let q(n) = n**3 - 26*n**2 - 32. Let m be q(26). Let u be (0 - 6)*2288/m. What is the greatest common divisor of u and 33?
33
Let d be (-306)/10*(-50)/(-10). Let w = d + 222. Calculate the highest common divisor of w and 23.
23
Let s(b) = -b**3 + 11*b**2 + 14*b + 15. Suppose 3*v - 7 = 29. Let j be s(v). Let u = j + -35. Calculate the greatest common divisor of u and 6.
2
Suppose 7*s + 69 - 83 = 0. Suppose s*v = 0, 3*r - 6*r = 2*v - 816. What is the greatest common factor of 48 and r?
16
Suppose 2*m = -l + 38, m + 5*l - 28 = -0*m. Let n be (-48)/(-80) - (5488/(-20) + 5). What is the highest common factor of m and n?
18
Let l(v) = -80*v**2 + 1012*v + 3. Let w be l(8). What is the highest common divisor of 9 and w?
9
Suppose 3*s - 2*c - 29 = 0, -s + 13 = -5*c - 14. Let g = 139 - -22. Calculate the greatest common factor of s and g.
7
Let m = 54 + -64. Let z be ((-4)/(-3))/(m/15*-1). Let l be (6/12)/(z/32). What is the greatest common divisor of 8 and l?
8
Let s(w) = -w**3 + 4*w**2 + 5*w - 5. Let k be s(5). Let n(x) = 8*x**2 - 8*x - 44. Let g be n(k). What is the highest common divisor of 28 and g?
28
Suppose 4*i + 8*f - 106511 = 7*f, i = -4*f + 26594. Calculate the greatest common factor of i and 10.
10
Suppose 6 = 3*k - 24. Let f be (((-440)/12)/(-22))/(k/108). What is the greatest common divisor of f and 42?
6
Let r(m) = -m**3 - 20*m**2 + 15*m + 18. Let g be r(-23). Let z be (g/25)/((-12)/(-40))*4. What is the highest common divisor of z and 21?
21
Let v = 3780 - 3460. What is the greatest common divisor of v and 576?
64
Suppose -31 = u + 8 - 687. Calculate the greatest common divisor of u and 2700.
108
Let w = 20386 - 19676. Calculate the greatest common factor of w and 2272.
142
Let p(s) = 2*s + 31. Let j be p(-11). Suppose 4*g - 1665 = 447. Let b be ((-6)/8)/((-4)/g). Calculate the greatest common factor of b and j.
9
Let m be 4*3119/14 + (448/(-49) - -9). What is the greatest common divisor of 162 and m?
81
Suppose 0 = s - 91*s + 130578 + 127632. What is the highest common divisor of s and 453?
151
Suppose -4 = -4*f + 4*x, 2*f = -0*f - x + 17. Suppose 0 = 5*c + 27 - 2, -5*k - 400 = c. Let j = -37 - k. Calculate the greatest common factor of j and f.
6
Suppose 6*t - 15*t = -44280. Let g be t/14 - 99/231. What is the greatest common factor of 39 and g?
39
Let m(n) = n - 2*n - 5 + 13 + 11. Let q be m(18). Suppose -5*s - 13 = 2*w - 0*w, w = -s + q. Calculate the highest common factor of w and 30.
6
Let a(y) = 10*y**3 + y**2 + 2*y - 2. Let z be a(2). Suppose -5*c + 7*c = z. Let k = 47 - c. Calculate the highest common factor of k and 1.
1
Let q = -287633 - -287643. Suppose -1392 = -4*h - 232. What is the greatest common factor of q and h?
10
Let o = 336 - -289. Let a be ((-3)/(72/30))/((-1)/20). Calculate the greatest common factor of o and a.
25
Let n(h) = -7 + 5 - 9*h**2 + 4 + 26*h**2 + h**3 - 10*h. Let y be n(-17). What is the highest common divisor of y and 43?
43
Let x(p) = 2*p**3 - 35*p**2 + 158*p - 16. Let w be x(12). Calculate the highest common divisor of 1073 and w.
37
Let r = 194 + -194. Let y(m) = 5*m + 264. Let l be y(r). What is the highest common divisor of l and 48?
24
Let t(l) = -l + 17. Let v be t(8). Let d(p) = 2*p**2 - 3*p - 84. Let u be d(v). Calculate the greatest common divisor of u and 17.
17
Let s(f) = -f**3 - 7*f**2 + 33*f - 16. Let p be s(-14). Let x = p + -594. What is the highest common divisor of 12 and x?
12
Let k = 20 - 12. Suppose 2*n - 2*b - 82 = 80, -2*b = -3*n + 238. Calculate the greatest common factor of k and n.
4
Let b = 7432 + -7392. Let d(x) = 26*x - 2. Let s be d(12). What is the highest common divisor of s and b?
10
Let c = 11862 - 11860. What is the greatest common divisor of 89 and c?
1
Let l = -593 + 11529. Calculate the greatest common factor of l and 32.
8
Suppose -16*h - 34*h = -96100. Calculate the greatest common factor of 62 and h.
62
Suppose -6*j = -j - 3*b - 5, 0 = -j + 2*b - 6. Suppose -20*u = -22*u - j. Let v be (1 + u/4)/((-9)/(-108)). What is the greatest common divisor of 12 and v?
6
Let w be (-10 - -2)*((-71)/4 + -1). What is the greatest common divisor of w and 2050?
50
Suppose 3*k = -0*k + 81. Let d(p) = p**2 + 60*p - 324. Let v be d(5). Calculate the highest common divisor of k and v.
1
Suppose -14*u - 3954 = 92. Let a = u + 505. Let x be 2 + -1*(-44)/2. Calculate the greatest common divisor of x and a.
24
Suppose 0 = l - 5*y - 197, 6*y - 3*y + 839 = 4*l. What is the greatest common divisor of 8003 and l?
53
Let x(i) = i**3 + 34*i**2 - 501*i + 47. Let m be x(-43). Calculate the greatest common factor of 49 and m.
49
Let u = 33 + 57. Suppose 74*l - 7858 - 1022 = 0. What is the greatest common divisor of u and l?
30
Suppose 0 = -16*d + 8*d + 888. Let m = d - 39. Calculate the highest common factor of 18 and m.
18
Let c(d) = -216*d - 3. Let k be c(-2). Let o(n) = 7*n**2 - 133*n + 271. Let s be o(2). What is the highest common divisor of k and s?
33
Suppose 2*d + 53*i - 363 = 48*i, -5*d + 4*i = -825. What is the greatest common factor of d and 39?
13
Let m(f) = -178*f + 180*f + f**2 + 56 - 4. Let d be m(0). What is the greatest common factor of d and 78?
26
Let x = -3 - -31. Let u(i) = 3*i**2 - 13*i - 32. Let o be u(-4). Suppose -5*g = -g - y - 281, g - o = -2*y. What is the greatest common divisor of x and g?
14
Let a(d) = d**3 + 6*d**2 - 3*d - 12. Let r be a(-6). Suppose -7*q - 306 = -10*q. Calculate the highest common divisor of r and q.
6
Suppose 6 = v + 2*v. Suppose -v*h + 22 = -2. Let o(j) = -j**3 + 22*j**2 - 52*j + 1761. Let c be o(23). Calculate the greatest common factor of c and h.
12
Let q(p) = -p**3 + 23*p**2 - p + 33. Let b be q(23). Let g = 34 + -59. Let l = -20 - g. Calculate the highest common divisor of l and b.
5
Let f = 841 - 291. Let a = 97 - 47. Calculate the greatest common factor of a and f.
50
Let r = -7 + 11. Let u(c) = c**2 + 7*c + 2. Let h be u(-7). Suppose -2*d + k = -3*d + 8, 0 = d + h*k - 4. What is the greatest common 